{"id":38,"date":"2024-10-21T19:01:34","date_gmt":"2024-10-21T17:01:34","guid":{"rendered":"https:\/\/souvenirsdunevie.com\/?page_id=38"},"modified":"2024-11-05T16:01:00","modified_gmt":"2024-11-05T15:01:00","slug":"a-propos-de","status":"publish","type":"page","link":"https:\/\/souvenirsdunevie.com\/index.php\/a-propos-de\/","title":{"rendered":"\u00c0 propos de"},"content":{"rendered":"\n<figure class=\"wp-block-image alignfull size-full\"><img loading=\"lazy\" decoding=\"async\" width=\"1600\" height=\"182\" src=\"https:\/\/souvenirsdunevie.com\/wp-content\/uploads\/2024\/11\/Titre-about-pellicule.jpg\" alt=\"\" class=\"wp-image-1738\" srcset=\"https:\/\/souvenirsdunevie.com\/wp-content\/uploads\/2024\/11\/Titre-about-pellicule.jpg 1600w, https:\/\/souvenirsdunevie.com\/wp-content\/uploads\/2024\/11\/Titre-about-pellicule-300x34.jpg 300w, https:\/\/souvenirsdunevie.com\/wp-content\/uploads\/2024\/11\/Titre-about-pellicule-1024x116.jpg 1024w, https:\/\/souvenirsdunevie.com\/wp-content\/uploads\/2024\/11\/Titre-about-pellicule-768x87.jpg 768w, https:\/\/souvenirsdunevie.com\/wp-content\/uploads\/2024\/11\/Titre-about-pellicule-1536x175.jpg 1536w\" sizes=\"auto, (max-width: 1600px) 100vw, 1600px\" \/><\/figure>\n\n\n\n<figure class=\"wp-block-image aligncenter size-full\"><img loading=\"lazy\" decoding=\"async\" width=\"449\" height=\"356\" src=\"https:\/\/souvenirsdunevie.com\/wp-content\/uploads\/2024\/10\/portrait.jpg\" alt=\"\" class=\"wp-image-1617\" srcset=\"https:\/\/souvenirsdunevie.com\/wp-content\/uploads\/2024\/10\/portrait.jpg 449w, https:\/\/souvenirsdunevie.com\/wp-content\/uploads\/2024\/10\/portrait-300x238.jpg 300w\" sizes=\"auto, (max-width: 449px) 100vw, 449px\" \/><\/figure>\n\n\n\n<h1 class=\"wp-block-heading alignwide\">Je suis r\u00e9alisateur ind\u00e9pendant. <\/h1>\n\n\n\n<div class=\"wp-block-group alignwide is-layout-flow wp-block-group-is-layout-flow\">\n<p>Je fais des films depuis plus de 30 ans pour des artistes et des associations. <\/p>\n\n\n\n<p>J&#8217;ai aussi travaill\u00e9 15 ans dans le cin\u00e9ma en tant que technicien. <\/p>\n\n\n\n<p>J&#8217;utilise du mat\u00e9riel professionnel pour la prise de vue (cam\u00e9ra et lumi\u00e8re) et la prise de son (micro) afin d&#8217;offrir une qualit\u00e9 optimale qui durera dans le temps.<\/p>\n<\/div>\n","protected":false},"excerpt":{"rendered":"<p>Je suis r\u00e9alisateur ind\u00e9pendant. Je fais des films depuis plus de 30 ans pour des artistes et des associations. J&#8217;ai aussi travaill\u00e9 15 ans dans le cin\u00e9ma en tant que technicien. J&#8217;utilise du mat\u00e9riel professionnel pour la prise de vue (cam\u00e9ra et lumi\u00e8re) et la prise de son (micro) afin d&#8217;offrir une qualit\u00e9 optimale qui&hellip;<\/p>\n","protected":false},"author":1,"featured_media":0,"parent":0,"menu_order":0,"comment_status":"closed","ping_status":"closed","template":"","meta":{"footnotes":""},"class_list":["post-38","page","type-page","status-publish","hentry"],"_links":{"self":[{"href":"https:\/\/souvenirsdunevie.com\/index.php\/wp-json\/wp\/v2\/pages\/38","targetHints":{"allow":["GET"]}}],"collection":[{"href":"https:\/\/souvenirsdunevie.com\/index.php\/wp-json\/wp\/v2\/pages"}],"about":[{"href":"https:\/\/souvenirsdunevie.com\/index.php\/wp-json\/wp\/v2\/types\/page"}],"author":[{"embeddable":true,"href":"https:\/\/souvenirsdunevie.com\/index.php\/wp-json\/wp\/v2\/users\/1"}],"replies":[{"embeddable":true,"href":"https:\/\/souvenirsdunevie.com\/index.php\/wp-json\/wp\/v2\/comments?post=38"}],"version-history":[{"count":9,"href":"https:\/\/souvenirsdunevie.com\/index.php\/wp-json\/wp\/v2\/pages\/38\/revisions"}],"predecessor-version":[{"id":1739,"href":"https:\/\/souvenirsdunevie.com\/index.php\/wp-json\/wp\/v2\/pages\/38\/revisions\/1739"}],"wp:attachment":[{"href":"https:\/\/souvenirsdunevie.com\/index.php\/wp-json\/wp\/v2\/media?parent=38"}],"curies":[{"name":"wp","href":"https:\/\/api.w.org\/{rel}","templated":true}]}}